32 - 3?
-26171635
In base 14, what is 2 - 274dcb?
-274dc9
In base 5, what is -10401340 - -10242?
-10341043
In base 5, what is -103123 - -214423?
111300
In base 10, what is 562 - -67464?
68026
In base 16, what is 22c37 - -b?
22c42
In base 14, what is 1 - -728a695?
728a696
In base 15, what is -1202 - 182b?
-2a2d
In base 7, what is -210452036 + -4?
-210452043
In base 16, what is 2 + -f3ed8?
-f3ed6
In base 3, what is -202 - -1210221120022?
1210221112120
In base 10, what is 9 - 1437844?
-1437835
In base 16, what is 8d2dc29 - -4?
8d2dc2d
In base 2, what is 1110011 - -100100001110100?
100100011100111
In base 8, what is 2377 - 15?
2362
In base 16, what is -124c5d + -c3?
-124d20
In base 9, what is 5642 + -81083?
-74341
In base 15, what is -1 - 4894c9?
-4894ca
In base 9, what is -2 + -57753118?
-57753121
In base 4, what is 1012 + -20022221011?
-20022213333
In base 7, what is -5 + -12612645?
-12612653
In base 4, what is 3 - -1032132012310?
1032132012313
In base 3, what is -22102 - -20002110000?
20002010121
In base 7, what is -164 - -35620?
35423
In base 10, what is -274853 - -859?
-273994
In base 8, what is -1174 - -161507?
160313
In base 8, what is 6 - 714107535?
-714107527
In base 13, what is 1 + 1a99382a?
1a99382b
In base 13, what is 158 - 1889a?
-18742
In base 12, what is 4 - 102847b?
-1028477
In base 2, what is 101 + 1011011110010111000100000101?
1011011110010111000100001010
In base 2, what is 10100100000000000111 + 10101000?
10100100000010101111
In base 13, what is 1 - -c1c81?
c1c82
In base 4, what is -23320112213 + 12?
-23320112201
In base 13, what is 2c9a0 - -c1?
2ca91
In base 5, what is -42243113 - -211?
-42242402
In base 7, what is 6364416 - 14?
6364402
In base 11, what is -34447148 - 0?
-34447148
In base 3, what is 10002122010 + -102102?
10002012201
In base 9, what is 171130 - 272?
170747
In base 16, what is c5c - 1f3df?
-1e783
In base 12, what is -13 + -2b917156?
-2b917169
In base 7, what is 343626462 - 5?
343626454
In base 7, what is 3046 + 3464542?
3500621
In base 9, what is -22112346 - 10?
-22112356
In base 5, what is 121041 + 44343?
220434
In base 13, what is -cc3b3197 + 1?
-cc3b3196
In base 12, what is 4 - 8647a1?
-864799
In base 11, what is -22 + -55a4285?
-55a42a7
In base 4, what is -102123 - -1301123?
1133000
In base 6, what is -45120 - 4500?
-54020
In base 15, what is -1 + -b97ec?
-b97ed
In base 4, what is -1332110300313 - 31?
-1332110301010
In base 9, what is 2538366 + -7?
2538358
In base 7, what is -1 - 13430413?
-13430414
In base 8, what is -5 + 1255473657?
1255473652
In base 14, what is -9 + bca413?
bca408
In base 15, what is 0 - -5ce4d0?
5ce4d0
In base 12, what is -2059141 + 1b?
-2059122
In base 6, what is 1 - -4040014212?
4040014213
In base 10, what is -11 - -6189161?
6189150
In base 9, what is 7 - 504045?
-504037
In base 10, what is -2020 + 172008?
169988
In base 10, what is 2153995 + -241?
2153754
In base 14, what is 1b + -1ba70?
-1ba53
In base 4, what is 2331133 - -2012?
2333211
In base 10, what is 3 + 4320423?
4320426
In base 15, what is -e3452d - 3?
-e34531
In base 3, what is -1121111 - 120201012?
-122022200
In base 5, what is -140444442020 - 14?
-140444442034
In base 3, what is 11110 - 102222022200?
-102222011020
In base 2, what is 11000000010001100011 - 1000111?
11000000010000011100
In base 12, what is -21b258b0 + -1?
-21b258b1
In base 3, what is -111010020100120 - -2?
-111010020100111
In base 7, what is 32 + 3603134?
3603166
In base 10, what is -5 - -262312731?
262312726
In base 13, what is -148 + -244c8?
-24643
In base 8, what is -61224 - -101?
-61123
In base 11, what is 56 + -a2910?
-a2865
In base 12, what is -305a - -4215b?
3b101
In base 4, what is -12100222332 + -2131?
-12100231123
In base 13, what is -5091a - -55?
-50895
In base 9, what is 271367 + 27?
271405
In base 10, what is 569 + 495777?
496346
In base 5, what is 11302 - -11043020?
11104322
In base 8, what is 4 - -354014332?
354014336
In base 5, what is 31 + -2300020?
-2244434
In base 13, what is -22736c0 + 7?
-22736b6
In base 13, what is 45770 - -239?
459a9
In base 8, what is -23640565 + 13?
-23640552
In base 5, what is -432240 + -1433?
-434223
In base 2, what is -10111000101001001011101 + -11?
-10111000101001001100000
In base 6, what is -2 - 2142422443?
-2142422445
In base 3, what is 1101212200221101 - 1?
1101212200221100
In base 13, what is b340 + -2036?
9307
In base 14, what is -1 - -84067c?
84067b
In base 9, what is -17104 + -5301?
-23405
In base 10, what is -64 + 112621?
112557
In base 11, what is 173540653 + -1?
173540652
In base 15, what is -e + 10c92e?
10c920
In base 15, what is 4a0 - 8e7?
-447
In base 16, what is 1750 - d2aa?
-bb5a
In base 14, what is 2 + 511504?
511506
In base 3, what is -10121121102000000 - -1?
-10121121101222222
In base 10, what is -8405 - 5388?
-13793
In base 8, what is 421 - -5661571?
5662212
In base 8, what is 13 + -1225704?
-1225671
In base 8, what is -102 - -23742164?
23742062
In base 11, what is -5 + 2074695?
2074690
In base 14, what is 322b - -2b4a?
5d77
In base 16, what is -98ab + 3aa?
-9501
In base 2, what is 0 - -100001100111011010101?
100001100111011010101
In base 4, what is 211 - -213100003133?
213100010010
In base 15, what is 64a5a5 - -56?
64a60b
In base 15, what is -1370e + 191e?
-11ce0
In base 11, what is 6a2 - -2a077?
2a769
In base 11, what is 4 - -29643771?
29643775
In base 14, what is -2a + -705d12?
-705d3c
In base 14, what is 546 - 30c70?
-30728
In base 16, what is 55c - -2e9ac?
2ef08
In base 6, what is -441115 - -115311?
-321404
In base 12, what is -926a24 - -2a?
-9269b6
In base 9, what is -46188 - -321?
-45767
In base 14, what is -5bc - 3368?
-3946
In base 6, what is -251 - 1124401?
-1125052
In base 8, what is -1 + -174062757?
-174062760
In base 2, what is 1000 - -11001001010110010111?
11001001010110011111
In base 4, what is 232111 - -202213003?
203111120
In base 5, what is -303 - 1224123124?
-1224123432
In base 3, what is -21212000211 + 2002101?
-21202221110
In base 6, what is 4001551 - -1335?
4003330
In base 9, what is -1253457 - 11?
-1253468
In base 10, what is -4259 + -690?
-4949
In base 6, what is -2 + -443334515?
-443334521
In base 11, what is -4722 - 842?
-5464
In base 9, what is 18688014 + 0?
18688014
In base 6, what is 120503521312 - 2?
120503521310
In base 12, what is -a - -35820?
35812
In base 14, what is -91a7168 + -2?
-91a716a
In base 15, what is -31 - -5917d?
5914c
In base 3, what is 1010012111202002 - -11?
1010012111202020
In base 6, what is 30350 + -22243?
4103
In base 8, what is -4 - -41415063?
41415057
In base 10, what is 239114 - -1555?
240669
In base 7, what is 1234134 + -2111?
1232023
In base 14, what is 1253 - -2b145?
2c398
In base 3, what is 1020002201020 - 211?
1020002200102
In base 5, what is 2011 - 2042211?
-2040200
In base 4, what is 3 + 21031000322101?
21031000322110
In base 7, what is 2233 - -325662?
331225
In base 2, what is -1011110001011000011 - 100110?
-1011110001011101001
In base 14, what is -3337da - 5?
-333801
In base 9, what is 24301 - -2815?
27216
In base 16, what is -5f - -12a1?
1242
In base 12, what is -144 - 3200b5?
-320239
In base 10, what is -36 - -1602061?
1602025
In base 14, what is 5bc540 + -12?
5bc52c
In base 16, what is e9781 - 9d?
e96e4
In base 5, what is -200123144003 + -2?
-200123144010
In base 11, what is -66066 + -30?
-66096
In base 16, what is 842b + 26b?
8696
In base 13, what is -9a705 - -13b?
-9a597
In base 12, what is 120a25 + 18?
120a41
In base 13, what is 52b9c8 - 3?
52b9c5
In base 12, what is -24399 + 199?
-24200
In base 13, what is -89 - 235b28?
-235bb4
In base 5, what is -1130111 - -1142?
-1123414
In base 8, what is -307423 - -465?
-306736
In base 10, what is -130768 + 6?
-130762
In base 12, what is -495 - -45133?
4485a
In base 10, what is 37428 - -7748?
45176
In base 2, what is -10101101110101000110111 + 10?
-10101101110101000110101
In base 3, what is -1000211 + 2001010?
1000022
In base 4, what is 13313212101103 + 2?
13313212101111
In base 13, what is 2c7 + cc1?
12b8
In base 3, what is -1110110200102210 + 11?
-1110110200102122
In base 10, what is 12 - -3335704?
3335716
In base 12, what is 16802 + -22ab?
14513
In base 2, what is 101011100101111001 + -1000100?
101011100100110101
In base 8, what is 622430217 - 1?
622430216
In base 5, what is 2023